13 a composite number?
True
Is 6535575223 prime?
True
Is 472891154771 prime?
False
Is 4584457291 composite?
True
Is 9376513 prime?
True
Is 41432439017 a prime number?
False
Is 10764262681 a prime number?
False
Is 1718079101 a prime number?
True
Is 6711060797 a prime number?
False
Is 7969733153 composite?
False
Is 306443135 composite?
True
Is 962783837 composite?
True
Is 104279324497 composite?
False
Is 697248799 composite?
True
Is 309680513 a prime number?
True
Is 5784584501 composite?
False
Is 1593931853 prime?
True
Is 2415489803 a composite number?
False
Is 26282390345 a prime number?
False
Is 1561663241 composite?
False
Is 6846082351 composite?
False
Is 874473569 prime?
False
Is 12924766991 prime?
True
Is 13430273999 composite?
False
Is 6324583919 a composite number?
True
Is 35926137523 a prime number?
True
Is 2843573281 a composite number?
False
Is 103563142477 a prime number?
True
Is 269758056091 a composite number?
True
Is 1617084671 a prime number?
True
Is 630138983 a composite number?
True
Is 9660165213 a composite number?
True
Is 7849001317 a composite number?
True
Is 14636120389 composite?
True
Is 2809062147 a prime number?
False
Is 143178123893 composite?
True
Is 64035622699 composite?
False
Is 5998144643 a composite number?
False
Is 132873868843 a composite number?
True
Is 439494505 a prime number?
False
Is 835425361 a prime number?
False
Is 1676970599 prime?
True
Is 2418193963 a composite number?
False
Is 619244701 a composite number?
False
Is 1430031079 prime?
True
Is 486221059 prime?
True
Is 13319525663 a prime number?
False
Is 142240248959 composite?
True
Is 12222563039 a prime number?
False
Is 930937177 a prime number?
False
Is 9489373873 prime?
False
Is 49951233883 composite?
True
Is 179244067 a composite number?
True
Is 154658471 a composite number?
True
Is 40432606427 a composite number?
False
Is 2281981231 prime?
True
Is 33884086277 a composite number?
True
Is 52389517111 prime?
False
Is 515402959 a prime number?
False
Is 57688075703 prime?
True
Is 54400969793 composite?
True
Is 16348726 composite?
True
Is 35892741373 prime?
False
Is 1257330479 a prime number?
False
Is 13835839631 a prime number?
True
Is 42403597517 a composite number?
False
Is 2164304197 a composite number?
True
Is 19457099897 a composite number?
True
Is 36836156543 a prime number?
False
Is 469137209 prime?
True
Is 278844221 composite?
True
Is 39432868757 prime?
True
Is 545109141 composite?
True
Is 25825139941 a prime number?
True
Is 13056407587 a prime number?
True
Is 7183161941 composite?
False
Is 233156861303 composite?
False
Is 830167007 prime?
True
Is 65609815171 a prime number?
False
Is 38803687171 a composite number?
True
Is 7504517197 prime?
True
Is 6459554819 prime?
True
Is 7677750637 composite?
False
Is 102385009 a composite number?
False
Is 962435167 a composite number?
True
Is 36608615737 a prime number?
True
Is 19186800159 composite?
True
Is 47226761681 prime?
False
Is 117400553 prime?
True
Is 590973589 a prime number?
True
Is 21817639337 prime?
False
Is 1618978501 composite?
True
Is 6005642407 a composite number?
False
Is 40757057 a composite number?
True
Is 5093051449 prime?
False
Is 2605869262 composite?
True
Is 32519617717 composite?
True
Is 585571203859 a composite number?
False
Is 8080521677 prime?
True
Is 28750507177 a prime number?
False
Is 10330381679 a prime number?
True
Is 87385749223 composite?
True
Is 1255063433 composite?
True
Is 23370983411 composite?
False
Is 462308059 prime?
True
Is 584814253 a prime number?
True
Is 3117731563 prime?
False
Is 2174366179 composite?
False
Is 365681653 prime?
False
Is 3851412581 a composite number?
False
Is 135044311 prime?
False
Is 164384347 prime?
False
Is 47218634993 prime?
True
Is 62567683 prime?
True
Is 1865775853 a composite number?
False
Is 2244917771 composite?
False
Is 24374513863 a composite number?
True
Is 19341574891 a composite number?
True
Is 5008656749 a prime number?
True
Is 849277987 a composite number?
False
Is 554625647 composite?
False
Is 4852514773 a prime number?
True
Is 24320486973 prime?
False
Is 15136145287 a composite number?
True
Is 602429365 prime?
False
Is 325581799 prime?
True
Is 23787121343 composite?
True
Is 150771119 a composite number?
True
Is 511248142 prime?
False
Is 5429734913 a composite number?
True
Is 42269083 composite?
True
Is 73136411 a prime number?
False
Is 897558603 a composite number?
True
Is 72467691677 composite?
True
Is 23572499039 a composite number?
False
Is 2101264427 prime?
True
Is 2158084837 a prime number?
True
Is 30258749723 composite?
True
Is 13567214459 prime?
True
Is 93403879363 composite?
True
Is 1839576351 a composite number?
True
Is 2946908141 prime?
True
Is 32610763 a composite number?
False
Is 94849749341 composite?
True
Is 1617999329 composite?
False
Is 45808736277 a prime number?
False
Is 81887684873 a composite number?
False
Is 1611790669 composite?
False
Is 53261695933 a prime number?
True
Is 4110297535 a composite number?
True
Is 1183134923 a prime number?
True
Is 25923813323 a prime number?
True
Is 3080050171 a composite number?
True
Is 2169796627 prime?
False
Is 171068426 a composite number?
True
Is 8047147177 a prime number?
False
Is 10232522617 prime?
True
Is 993127483 composite?
False
Is 473491661 a composite number?
False
Is 20035506683 composite?
False
Is 6147449673 a prime number?
False
Is 880845573 composite?
True
Is 3546849977 a prime number?
False
Is 7607127779 prime?
False
Is 127983997 prime?
False
Is 1323480193 a prime number?
False
Is 7015280743 prime?
True
Is 30722369719 a prime number?
True
Is 5678862767 composite?
True
Is 250663013 composite?
True
Is 56822509405 composite?
True
Is 259233830503 composite?
True
Is 4983917221 a composite number?
True
Is 2570394089 composite?
False
Is 26430962939 a composite number?
False
Is 300942377 a composite number?
True
Is 10350621219 composite?
True
Is 3899282279 composite?
True
Is 1107531749 composite?
False
Is 1188449547 prime?
False
Is 109713325927 composite?
True
Is 118267823 composite?
False
Is 86814211886 a prime number?
False
Is 20534902127 prime?
False
Is 70413559 a composite number?
False
Is 4230590237 prime?
True
Is 3359152249 composite?
True
Is 876070649 composite?
False
Is 57037453 a composite number?
True
Is 3224276219 a prime number?
False
Is 202906457 a composite number?
True
Is 3739303541 prime?
False
Is 1969917013 prime?
True
Is 17700697923 prime?
False
Is 67914530017 prime?
True
Is 14522970331 a prime number?
False
Is 1750035451 composite?
True
Is 121485989 prime?
True
Is 3283228769 prime?
True
Is 25188493817 a composite number?
False
Is 2921517959 a composite number?
False
Is 7697846978 composite?
True
Is 13630394299 a prime number?
False
Is 1599834403 a prime number?
True
Is 285951823 composite?
True
Is 25693584773 a prime number?
True
Is 1091750749 composite?
True
Is 1434998687 composite?
False
Is 1006247503 composite?
False
Is 4674819199 a prime number?
True
Is 1104887873 a composite number?
True
Is 67129128053 prime?
False
Is 13256714831 a composite number?
False
Is 1334091581 prime?
True
Is 3412183793 a prime number?
True
Is 9499648817 prime?
True
Is 5157967 a prime number?
True
Is 125551642 composite?
True
Is 10741108919 composite?
False
Is 6435646993 a composite number?
True
Is 392248350381 a prime number?
False
Is 3880651729 prime?
True
Is 259098419 composite?
False
Is 42524447959 a prime number?
False
Is 71696221631 a composite number?
True
Is 4049653823 prime?
False
Is 15584881139 prime?
False
Is 1481373986 a composite number?
True
Is 5861795369 a prime number?
True
Is 12010293857 prime?
True
Is 177183991 composite?
False
Is 11399130051 a composite number?
True
Is 5453461103 composite?
False
Is 81650753 a composite number?
True
Is 51698557 a prime number?
False
Is 208025533 composite?
True
Is 3537369871 composite?
True
Is 97750082299 composite?
True
Is 1276481891 a prime number?
True
Is 37885944533 a prime number?
False
Is 5246966611 a prime number?
False
Is 23399784053 a composite number?
False
Is 12504704029 a composite number?
True
Is 6567142981 prime?
False
Is 2230480685 a prime number?
False
Is 18020838469 a prime number?
True
Is 4216261381 a composite number?
False
Is 5373527395 composite?
True
Is 361585566141 a composite number?
True